{"id":1303,"date":"2023-03-09T14:32:12","date_gmt":"2023-03-09T14:32:12","guid":{"rendered":"https:\/\/ecolebiodanzamanosque.com\/?page_id=1303"},"modified":"2023-03-09T14:32:12","modified_gmt":"2023-03-09T14:32:12","slug":"plan-du-site","status":"publish","type":"page","link":"https:\/\/ecolebiodanzamanosque.com\/index.php\/plan-du-site\/","title":{"rendered":"Plan du site"},"content":{"rendered":"<div class=\"wsp-container\"><h2 class=\"wsp-pages-title\">Pages<\/h2>\n<ul class=\"wsp-pages-list\">\n<li class=\"page_item page-item-95\"><a href=\"https:\/\/ecolebiodanzamanosque.com\/\">Accueil<\/a><\/li>\n<li class=\"page_item page-item-1116\"><a href=\"https:\/\/ecolebiodanzamanosque.com\/index.php\/agenda-du-1er-cycle-de-lecole-de-manosque\/\">Agenda du 1er cycle<\/a><\/li>\n<li class=\"page_item page-item-1245\"><a href=\"https:\/\/ecolebiodanzamanosque.com\/index.php\/biodanza-aquatique-forcalquier\/\">Biodanza Aquatique<\/a><\/li>\n<li class=\"page_item page-item-421\"><a href=\"https:\/\/ecolebiodanzamanosque.com\/index.php\/carte-salle-padma\/\">Carte g\u00eete de Chaloux<\/a><\/li>\n<li class=\"page_item page-item-182\"><a href=\"https:\/\/ecolebiodanzamanosque.com\/index.php\/contactez-nous-laurence-wulkan-gisele-bregliano-martinez-ecole-manosque\/\">Contactez-nous<\/a><\/li>\n<li class=\"page_item page-item-846\"><a href=\"https:\/\/ecolebiodanzamanosque.com\/index.php\/criteres-dadmission\/\">Crit\u00e8res d&rsquo;admission<\/a><\/li>\n<li class=\"page_item page-item-43\"><a href=\"https:\/\/ecolebiodanzamanosque.com\/index.php\/description-de-lecole\/\">Description de l&rsquo;\u00e9cole<\/a><\/li>\n<li class=\"page_item page-item-908\"><a href=\"https:\/\/ecolebiodanzamanosque.com\/index.php\/etre-facilitatrice-ou-facilitateur-de-biodanza\/\">\u00catre Facilitatrice ou Facilitateur de Biodanza<\/a><\/li>\n<li class=\"page_item page-item-2161\"><a href=\"https:\/\/ecolebiodanzamanosque.com\/index.php\/evenements\/\">Ev\u00e8nements de l&rsquo;\u00e9cole<\/a><\/li>\n<li class=\"page_item page-item-916\"><a href=\"https:\/\/ecolebiodanzamanosque.com\/index.php\/description-de-lecole-de-manosque-presentation-direction-et-coordination\/\">L&rsquo;\u00e9cole de Manosque<\/a><\/li>\n<li class=\"page_item page-item-1959\"><a href=\"https:\/\/ecolebiodanzamanosque.com\/index.php\/galerie-photos\/\">L&rsquo;\u00e9cole en photos<\/a><\/li>\n<li class=\"page_item page-item-1234\"><a href=\"https:\/\/ecolebiodanzamanosque.com\/index.php\/letre-en-danse\/\">L&rsquo;\u00catre en Danse<\/a><\/li>\n<li class=\"page_item page-item-308\"><a href=\"https:\/\/ecolebiodanzamanosque.com\/index.php\/la-biodanza\/\">La Biodanza<\/a><\/li>\n<li class=\"page_item page-item-130\"><a href=\"https:\/\/ecolebiodanzamanosque.com\/index.php\/la-coordination-de-lecole\/\">La coordination<\/a><\/li>\n<li class=\"page_item page-item-33\"><a href=\"https:\/\/ecolebiodanzamanosque.com\/index.php\/la-direction-laurence-wulkan\/\">La direction<\/a><\/li>\n<li class=\"page_item page-item-830\"><a href=\"https:\/\/ecolebiodanzamanosque.com\/index.php\/la-formation\/\">La Formation<\/a><\/li>\n<li class=\"page_item page-item-951\"><a href=\"https:\/\/ecolebiodanzamanosque.com\/index.php\/la-formation-comment-pourquoi\/\">La formation : comment ?<\/a><\/li>\n<li class=\"page_item page-item-272\"><a href=\"https:\/\/ecolebiodanzamanosque.com\/index.php\/les-intervenants\/\">Les Intervenants<\/a><\/li>\n<li class=\"page_item page-item-513\"><a href=\"https:\/\/ecolebiodanzamanosque.com\/index.php\/liens-utiles\/\">Liens utiles<\/a><\/li>\n<li class=\"page_item page-item-276\"><a href=\"https:\/\/ecolebiodanzamanosque.com\/index.php\/modalites-pratiques\/\">Modalit\u00e9s pratiques<\/a><\/li>\n<li class=\"page_item page-item-1579\"><a href=\"https:\/\/ecolebiodanzamanosque.com\/index.php\/modules-de-1ere-et-2eme-annee\/\">Modules de 1\u00e8re et 2\u00e8me ann\u00e9e<\/a><\/li>\n<li class=\"page_item page-item-1587\"><a href=\"https:\/\/ecolebiodanzamanosque.com\/index.php\/modules-de-methodologie\/\">Modules de m\u00e9thodologie<\/a><\/li>\n<li class=\"page_item page-item-288\"><a href=\"https:\/\/ecolebiodanzamanosque.com\/index.php\/nos-activites-biodanza-ateliers-stages\/\">Nos activit\u00e9s en Biodanza<\/a><\/li>\n<li class=\"page_item page-item-1303\"><a href=\"https:\/\/ecolebiodanzamanosque.com\/index.php\/plan-du-site\/\">Plan du site<\/a><\/li>\n<li class=\"page_item page-item-406\"><a href=\"https:\/\/ecolebiodanzamanosque.com\/index.php\/pour-venir-a-la-salle-padma\/\">Pour venir au g\u00eete de Chaloux<\/a><\/li>\n<li class=\"page_item page-item-2316\"><a href=\"https:\/\/ecolebiodanzamanosque.com\/index.php\/presentations-de-monographies\/\">Pr\u00e9sentations de Monographies<\/a><\/li>\n<li class=\"page_item page-item-2353\"><a href=\"https:\/\/ecolebiodanzamanosque.com\/index.php\/prochain-module-de-formation\/\">Prochain module de formation<\/a><\/li>\n<li class=\"page_item page-item-8\"><a href=\"https:\/\/ecolebiodanzamanosque.com\/index.php\/programme-de-la-formation\/\">Programme de la Formation<\/a><\/li>\n<li class=\"page_item page-item-2300\"><a href=\"https:\/\/ecolebiodanzamanosque.com\/index.php\/stages-exceptionnels\/\">Stages exceptionnels<\/a><\/li>\n<\/ul>\n<h2 class=\"wsp-elementor_librarys-title\">Mes mod\u00e8les<\/h2>\n<ul class=\"wsp-elementor_librarys-list\">\n<li><a href=\"https:\/\/ecolebiodanzamanosque.com\/?elementor_library=kit-par-defaut\">Kit par d\u00e9faut<\/a><\/li>\n<\/ul>\n<h2 class=\"wsp-rl_gallerys-title\">Galeries<\/h2>\n<ul class=\"wsp-rl_gallerys-list\">\n<li><a href=\"https:\/\/ecolebiodanzamanosque.com\/index.php\/rl_gallery\/galerie-photos\/\">Galerie photos<\/a><\/li>\n<\/ul>\n<\/div>\n","protected":false},"excerpt":{"rendered":"","protected":false},"author":1,"featured_media":0,"parent":0,"menu_order":0,"comment_status":"closed","ping_status":"closed","template":"","meta":{"_eb_attr":"","footnotes":""},"class_list":["post-1303","page","type-page","status-publish","hentry"],"yoast_head":"<!-- This site is optimized with the Yoast SEO plugin v26.6 - https:\/\/yoast.com\/wordpress\/plugins\/seo\/ -->\n<title>Plan du site - Ecole de Biodanza de Manosque<\/title>\n<meta name=\"robots\" content=\"index, follow, max-snippet:-1, max-image-preview:large, max-video-preview:-1\" \/>\n<link rel=\"canonical\" href=\"https:\/\/ecolebiodanzamanosque.com\/index.php\/plan-du-site\/\" \/>\n<meta property=\"og:locale\" content=\"fr_FR\" \/>\n<meta property=\"og:type\" content=\"article\" \/>\n<meta property=\"og:title\" content=\"Plan du site - Ecole de Biodanza de Manosque\" \/>\n<meta property=\"og:url\" content=\"https:\/\/ecolebiodanzamanosque.com\/index.php\/plan-du-site\/\" \/>\n<meta property=\"og:site_name\" content=\"Ecole de Biodanza de Manosque\" \/>\n<meta name=\"twitter:card\" content=\"summary_large_image\" \/>\n<script type=\"application\/ld+json\" class=\"yoast-schema-graph\">{\"@context\":\"https:\/\/schema.org\",\"@graph\":[{\"@type\":\"WebPage\",\"@id\":\"https:\/\/ecolebiodanzamanosque.com\/index.php\/plan-du-site\/\",\"url\":\"https:\/\/ecolebiodanzamanosque.com\/index.php\/plan-du-site\/\",\"name\":\"Plan du site - Ecole de Biodanza de Manosque\",\"isPartOf\":{\"@id\":\"https:\/\/ecolebiodanzamanosque.com\/#website\"},\"datePublished\":\"2023-03-09T14:32:12+00:00\",\"breadcrumb\":{\"@id\":\"https:\/\/ecolebiodanzamanosque.com\/index.php\/plan-du-site\/#breadcrumb\"},\"inLanguage\":\"fr-FR\",\"potentialAction\":[{\"@type\":\"ReadAction\",\"target\":[\"https:\/\/ecolebiodanzamanosque.com\/index.php\/plan-du-site\/\"]}]},{\"@type\":\"BreadcrumbList\",\"@id\":\"https:\/\/ecolebiodanzamanosque.com\/index.php\/plan-du-site\/#breadcrumb\",\"itemListElement\":[{\"@type\":\"ListItem\",\"position\":1,\"name\":\"Accueil\",\"item\":\"https:\/\/ecolebiodanzamanosque.com\/\"},{\"@type\":\"ListItem\",\"position\":2,\"name\":\"Plan du site\"}]},{\"@type\":\"WebSite\",\"@id\":\"https:\/\/ecolebiodanzamanosque.com\/#website\",\"url\":\"https:\/\/ecolebiodanzamanosque.com\/\",\"name\":\"EcoleBiodanzaManosque\",\"description\":\"Formation de facilitateurs et de facilitatrices\",\"publisher\":{\"@id\":\"https:\/\/ecolebiodanzamanosque.com\/#organization\"},\"potentialAction\":[{\"@type\":\"SearchAction\",\"target\":{\"@type\":\"EntryPoint\",\"urlTemplate\":\"https:\/\/ecolebiodanzamanosque.com\/?s={search_term_string}\"},\"query-input\":{\"@type\":\"PropertyValueSpecification\",\"valueRequired\":true,\"valueName\":\"search_term_string\"}}],\"inLanguage\":\"fr-FR\"},{\"@type\":\"Organization\",\"@id\":\"https:\/\/ecolebiodanzamanosque.com\/#organization\",\"name\":\"EcoleBiodanzaManosque\",\"url\":\"https:\/\/ecolebiodanzamanosque.com\/\",\"logo\":{\"@type\":\"ImageObject\",\"inLanguage\":\"fr-FR\",\"@id\":\"https:\/\/ecolebiodanzamanosque.com\/#\/schema\/logo\/image\/\",\"url\":\"https:\/\/ecolebiodanzamanosque.com\/wp-content\/uploads\/2023\/03\/logo-biodanza-vert2-MODIF.png\",\"contentUrl\":\"https:\/\/ecolebiodanzamanosque.com\/wp-content\/uploads\/2023\/03\/logo-biodanza-vert2-MODIF.png\",\"width\":1110,\"height\":1106,\"caption\":\"EcoleBiodanzaManosque\"},\"image\":{\"@id\":\"https:\/\/ecolebiodanzamanosque.com\/#\/schema\/logo\/image\/\"}}]}<\/script>\n<!-- \/ Yoast SEO plugin. -->","yoast_head_json":{"title":"Plan du site - Ecole de Biodanza de Manosque","robots":{"index":"index","follow":"follow","max-snippet":"max-snippet:-1","max-image-preview":"max-image-preview:large","max-video-preview":"max-video-preview:-1"},"canonical":"https:\/\/ecolebiodanzamanosque.com\/index.php\/plan-du-site\/","og_locale":"fr_FR","og_type":"article","og_title":"Plan du site - Ecole de Biodanza de Manosque","og_url":"https:\/\/ecolebiodanzamanosque.com\/index.php\/plan-du-site\/","og_site_name":"Ecole de Biodanza de Manosque","twitter_card":"summary_large_image","schema":{"@context":"https:\/\/schema.org","@graph":[{"@type":"WebPage","@id":"https:\/\/ecolebiodanzamanosque.com\/index.php\/plan-du-site\/","url":"https:\/\/ecolebiodanzamanosque.com\/index.php\/plan-du-site\/","name":"Plan du site - Ecole de Biodanza de Manosque","isPartOf":{"@id":"https:\/\/ecolebiodanzamanosque.com\/#website"},"datePublished":"2023-03-09T14:32:12+00:00","breadcrumb":{"@id":"https:\/\/ecolebiodanzamanosque.com\/index.php\/plan-du-site\/#breadcrumb"},"inLanguage":"fr-FR","potentialAction":[{"@type":"ReadAction","target":["https:\/\/ecolebiodanzamanosque.com\/index.php\/plan-du-site\/"]}]},{"@type":"BreadcrumbList","@id":"https:\/\/ecolebiodanzamanosque.com\/index.php\/plan-du-site\/#breadcrumb","itemListElement":[{"@type":"ListItem","position":1,"name":"Accueil","item":"https:\/\/ecolebiodanzamanosque.com\/"},{"@type":"ListItem","position":2,"name":"Plan du site"}]},{"@type":"WebSite","@id":"https:\/\/ecolebiodanzamanosque.com\/#website","url":"https:\/\/ecolebiodanzamanosque.com\/","name":"EcoleBiodanzaManosque","description":"Formation de facilitateurs et de facilitatrices","publisher":{"@id":"https:\/\/ecolebiodanzamanosque.com\/#organization"},"potentialAction":[{"@type":"SearchAction","target":{"@type":"EntryPoint","urlTemplate":"https:\/\/ecolebiodanzamanosque.com\/?s={search_term_string}"},"query-input":{"@type":"PropertyValueSpecification","valueRequired":true,"valueName":"search_term_string"}}],"inLanguage":"fr-FR"},{"@type":"Organization","@id":"https:\/\/ecolebiodanzamanosque.com\/#organization","name":"EcoleBiodanzaManosque","url":"https:\/\/ecolebiodanzamanosque.com\/","logo":{"@type":"ImageObject","inLanguage":"fr-FR","@id":"https:\/\/ecolebiodanzamanosque.com\/#\/schema\/logo\/image\/","url":"https:\/\/ecolebiodanzamanosque.com\/wp-content\/uploads\/2023\/03\/logo-biodanza-vert2-MODIF.png","contentUrl":"https:\/\/ecolebiodanzamanosque.com\/wp-content\/uploads\/2023\/03\/logo-biodanza-vert2-MODIF.png","width":1110,"height":1106,"caption":"EcoleBiodanzaManosque"},"image":{"@id":"https:\/\/ecolebiodanzamanosque.com\/#\/schema\/logo\/image\/"}}]}},"_links":{"self":[{"href":"https:\/\/ecolebiodanzamanosque.com\/index.php\/wp-json\/wp\/v2\/pages\/1303","targetHints":{"allow":["GET"]}}],"collection":[{"href":"https:\/\/ecolebiodanzamanosque.com\/index.php\/wp-json\/wp\/v2\/pages"}],"about":[{"href":"https:\/\/ecolebiodanzamanosque.com\/index.php\/wp-json\/wp\/v2\/types\/page"}],"author":[{"embeddable":true,"href":"https:\/\/ecolebiodanzamanosque.com\/index.php\/wp-json\/wp\/v2\/users\/1"}],"replies":[{"embeddable":true,"href":"https:\/\/ecolebiodanzamanosque.com\/index.php\/wp-json\/wp\/v2\/comments?post=1303"}],"version-history":[{"count":1,"href":"https:\/\/ecolebiodanzamanosque.com\/index.php\/wp-json\/wp\/v2\/pages\/1303\/revisions"}],"predecessor-version":[{"id":1304,"href":"https:\/\/ecolebiodanzamanosque.com\/index.php\/wp-json\/wp\/v2\/pages\/1303\/revisions\/1304"}],"wp:attachment":[{"href":"https:\/\/ecolebiodanzamanosque.com\/index.php\/wp-json\/wp\/v2\/media?parent=1303"}],"curies":[{"name":"wp","href":"https:\/\/api.w.org\/{rel}","templated":true}]}}